{"id":1043,"date":"2024-01-10T13:43:36","date_gmt":"2024-01-10T16:43:36","guid":{"rendered":"https:\/\/proyate.art\/?post_type=case&#038;p=1043"},"modified":"2024-01-17T07:19:35","modified_gmt":"2024-01-17T10:19:35","slug":"me-chame-joana","status":"publish","type":"case","link":"https:\/\/proyate.art\/es\/case\/llamame-joana\/","title":{"rendered":"Me chame Joana"},"content":{"rendered":"<p>O projeto realizou a grava\u00e7\u00e3o, edi\u00e7\u00e3o e difus\u00e3o do mon\u00f3logo \u201cMe Chame Joana\u201d, baseado na obra can\u00f4nica \u201cGota d\u2019\u00c1gua\u201d, de Chico Buarque de Holanda e Paulo Pontes.<\/p>\n","protected":false},"featured_media":1044,"parent":0,"template":"","ano":[56],"categorias-cases":[63,39],"yoast_head":"<!-- This site is optimized with the Yoast SEO plugin v21.8 - https:\/\/yoast.com\/wordpress\/plugins\/seo\/ -->\n<title>Me chame Joana - PROYAT\u00ca<\/title>\n<meta name=\"robots\" content=\"index, follow, max-snippet:-1, max-image-preview:large, max-video-preview:-1\" \/>\n<link rel=\"canonical\" href=\"https:\/\/proyate.art\/es\/case\/llamame-joana\/\" \/>\n<meta property=\"og:locale\" content=\"es_ES\" \/>\n<meta property=\"og:type\" content=\"article\" \/>\n<meta property=\"og:title\" content=\"Me chame Joana - PROYAT\u00ca\" \/>\n<meta property=\"og:description\" content=\"O projeto realizou a grava\u00e7\u00e3o, edi\u00e7\u00e3o e difus\u00e3o do mon\u00f3logo \u201cMe Chame Joana\u201d, baseado na obra can\u00f4nica \u201cGota d\u2019\u00c1gua\u201d, de Chico Buarque de Holanda e Paulo Pontes.\" \/>\n<meta property=\"og:url\" content=\"https:\/\/proyate.art\/es\/case\/llamame-joana\/\" \/>\n<meta property=\"og:site_name\" content=\"PROYAT\u00ca\" \/>\n<meta property=\"article:modified_time\" content=\"2024-01-17T10:19:35+00:00\" \/>\n<meta property=\"og:image\" content=\"https:\/\/proyate.art\/wp-content\/uploads\/2024\/01\/4-Me-Chame-Joana.png\" \/>\n\t<meta property=\"og:image:width\" content=\"1280\" \/>\n\t<meta property=\"og:image:height\" content=\"720\" \/>\n\t<meta property=\"og:image:type\" content=\"image\/png\" \/>\n<meta name=\"twitter:card\" content=\"summary_large_image\" \/>\n<meta name=\"twitter:label1\" content=\"Tiempo de lectura\" \/>\n\t<meta name=\"twitter:data1\" content=\"1 minuto\" \/>\n<script type=\"application\/ld+json\" class=\"yoast-schema-graph\">{\"@context\":\"https:\/\/schema.org\",\"@graph\":[{\"@type\":\"WebPage\",\"@id\":\"https:\/\/proyate.art\/case\/me-chame-joana\/\",\"url\":\"https:\/\/proyate.art\/case\/me-chame-joana\/\",\"name\":\"Me chame Joana - PROYAT\u00ca\",\"isPartOf\":{\"@id\":\"https:\/\/proyate.art\/#website\"},\"datePublished\":\"2024-01-10T16:43:36+00:00\",\"dateModified\":\"2024-01-17T10:19:35+00:00\",\"breadcrumb\":{\"@id\":\"https:\/\/proyate.art\/case\/me-chame-joana\/#breadcrumb\"},\"inLanguage\":\"es\",\"potentialAction\":[{\"@type\":\"ReadAction\",\"target\":[\"https:\/\/proyate.art\/case\/me-chame-joana\/\"]}]},{\"@type\":\"BreadcrumbList\",\"@id\":\"https:\/\/proyate.art\/case\/me-chame-joana\/#breadcrumb\",\"itemListElement\":[{\"@type\":\"ListItem\",\"position\":1,\"name\":\"Case\",\"item\":\"https:\/\/proyate.art\/case\/\"},{\"@type\":\"ListItem\",\"position\":2,\"name\":\"Me chame Joana\"}]},{\"@type\":\"WebSite\",\"@id\":\"https:\/\/proyate.art\/#website\",\"url\":\"https:\/\/proyate.art\/\",\"name\":\"PROYAT\u00ca\",\"description\":\"\",\"publisher\":{\"@id\":\"https:\/\/proyate.art\/#organization\"},\"potentialAction\":[{\"@type\":\"SearchAction\",\"target\":{\"@type\":\"EntryPoint\",\"urlTemplate\":\"https:\/\/proyate.art\/?s={search_term_string}\"},\"query-input\":\"required name=search_term_string\"}],\"inLanguage\":\"es\"},{\"@type\":\"Organization\",\"@id\":\"https:\/\/proyate.art\/#organization\",\"name\":\"PROYAT\u00ca\",\"url\":\"https:\/\/proyate.art\/\",\"logo\":{\"@type\":\"ImageObject\",\"inLanguage\":\"es\",\"@id\":\"https:\/\/proyate.art\/#\/schema\/logo\/image\/\",\"url\":\"https:\/\/proyate.art\/wp-content\/uploads\/2023\/10\/home-logo-footer.png\",\"contentUrl\":\"https:\/\/proyate.art\/wp-content\/uploads\/2023\/10\/home-logo-footer.png\",\"width\":334,\"height\":140,\"caption\":\"PROYAT\u00ca\"},\"image\":{\"@id\":\"https:\/\/proyate.art\/#\/schema\/logo\/image\/\"}}]}<\/script>\n<!-- \/ Yoast SEO plugin. -->","yoast_head_json":{"title":"Me chame Joana - PROYAT\u00ca","robots":{"index":"index","follow":"follow","max-snippet":"max-snippet:-1","max-image-preview":"max-image-preview:large","max-video-preview":"max-video-preview:-1"},"canonical":"https:\/\/proyate.art\/es\/case\/llamame-joana\/","og_locale":"es_ES","og_type":"article","og_title":"Me chame Joana - PROYAT\u00ca","og_description":"O projeto realizou a grava\u00e7\u00e3o, edi\u00e7\u00e3o e difus\u00e3o do mon\u00f3logo \u201cMe Chame Joana\u201d, baseado na obra can\u00f4nica \u201cGota d\u2019\u00c1gua\u201d, de Chico Buarque de Holanda e Paulo Pontes.","og_url":"https:\/\/proyate.art\/es\/case\/llamame-joana\/","og_site_name":"PROYAT\u00ca","article_modified_time":"2024-01-17T10:19:35+00:00","og_image":[{"width":1280,"height":720,"url":"https:\/\/proyate.art\/wp-content\/uploads\/2024\/01\/4-Me-Chame-Joana.png","type":"image\/png"}],"twitter_card":"summary_large_image","twitter_misc":{"Tiempo de lectura":"1 minuto"},"schema":{"@context":"https:\/\/schema.org","@graph":[{"@type":"WebPage","@id":"https:\/\/proyate.art\/case\/me-chame-joana\/","url":"https:\/\/proyate.art\/case\/me-chame-joana\/","name":"Me chame Joana - PROYAT\u00ca","isPartOf":{"@id":"https:\/\/proyate.art\/#website"},"datePublished":"2024-01-10T16:43:36+00:00","dateModified":"2024-01-17T10:19:35+00:00","breadcrumb":{"@id":"https:\/\/proyate.art\/case\/me-chame-joana\/#breadcrumb"},"inLanguage":"es","potentialAction":[{"@type":"ReadAction","target":["https:\/\/proyate.art\/case\/me-chame-joana\/"]}]},{"@type":"BreadcrumbList","@id":"https:\/\/proyate.art\/case\/me-chame-joana\/#breadcrumb","itemListElement":[{"@type":"ListItem","position":1,"name":"Case","item":"https:\/\/proyate.art\/case\/"},{"@type":"ListItem","position":2,"name":"Me chame Joana"}]},{"@type":"WebSite","@id":"https:\/\/proyate.art\/#website","url":"https:\/\/proyate.art\/","name":"PROYAT\u00ca","description":"","publisher":{"@id":"https:\/\/proyate.art\/#organization"},"potentialAction":[{"@type":"SearchAction","target":{"@type":"EntryPoint","urlTemplate":"https:\/\/proyate.art\/?s={search_term_string}"},"query-input":"required name=search_term_string"}],"inLanguage":"es"},{"@type":"Organization","@id":"https:\/\/proyate.art\/#organization","name":"PROYAT\u00ca","url":"https:\/\/proyate.art\/","logo":{"@type":"ImageObject","inLanguage":"es","@id":"https:\/\/proyate.art\/#\/schema\/logo\/image\/","url":"https:\/\/proyate.art\/wp-content\/uploads\/2023\/10\/home-logo-footer.png","contentUrl":"https:\/\/proyate.art\/wp-content\/uploads\/2023\/10\/home-logo-footer.png","width":334,"height":140,"caption":"PROYAT\u00ca"},"image":{"@id":"https:\/\/proyate.art\/#\/schema\/logo\/image\/"}}]}},"_links":{"self":[{"href":"https:\/\/proyate.art\/es\/wp-json\/wp\/v2\/case\/1043"}],"collection":[{"href":"https:\/\/proyate.art\/es\/wp-json\/wp\/v2\/case"}],"about":[{"href":"https:\/\/proyate.art\/es\/wp-json\/wp\/v2\/types\/case"}],"wp:featuredmedia":[{"embeddable":true,"href":"https:\/\/proyate.art\/es\/wp-json\/wp\/v2\/media\/1044"}],"wp:attachment":[{"href":"https:\/\/proyate.art\/es\/wp-json\/wp\/v2\/media?parent=1043"}],"wp:term":[{"taxonomy":"ano","embeddable":true,"href":"https:\/\/proyate.art\/es\/wp-json\/wp\/v2\/ano?post=1043"},{"taxonomy":"categorias-cases","embeddable":true,"href":"https:\/\/proyate.art\/es\/wp-json\/wp\/v2\/categorias-cases?post=1043"}],"curies":[{"name":"wp","href":"https:\/\/api.w.org\/{rel}","templated":true}]}}

<p>O projeto realizou a gravação, edição e difusão do monólogo “Me Chame Joana”, baseado na obra canônica “Gota d’Água”, de Chico Buarque de Holanda e Paulo Pontes.</p>

<!-- This site is optimized with the Yoast SEO plugin v21.8 - https://yoast.com/wordpress/plugins/seo/ -->
<title>Me chame Joana - PROYATÊ</title>
<meta name="robots" content="index, follow, max-snippet:-1, max-image-preview:large, max-video-preview:-1" />
<link rel="canonical" href="https://proyate.art/es/case/llamame-joana/" />
<meta property="og:locale" content="es_ES" />
<meta property="og:type" content="article" />
<meta property="og:title" content="Me chame Joana - PROYATÊ" />
<meta property="og:description" content="O projeto realizou a gravação, edição e difusão do monólogo “Me Chame Joana”, baseado na obra canônica “Gota d’Água”, de Chico Buarque de Holanda e Paulo Pontes." />
<meta property="og:url" content="https://proyate.art/es/case/llamame-joana/" />
<meta property="og:site_name" content="PROYATÊ" />
<meta property="article:modified_time" content="2024-01-17T10:19:35+00:00" />
<meta property="og:image" content="https://proyate.art/wp-content/uploads/2024/01/4-Me-Chame-Joana.png" />
	<meta property="og:image:width" content="1280" />
	<meta property="og:image:height" content="720" />
	<meta property="og:image:type" content="image/png" />
<meta name="twitter:card" content="summary_large_image" />
<meta name="twitter:label1" content="Tiempo de lectura" />
	<meta name="twitter:data1" content="1 minuto" />
<script type="application/ld+json" class="yoast-schema-graph">{"@context":"https://schema.org","@graph":[{"@type":"WebPage","@id":"https://proyate.art/case/me-chame-joana/","url":"https://proyate.art/case/me-chame-joana/","name":"Me chame Joana - PROYATÊ","isPartOf":{"@id":"https://proyate.art/#website"},"datePublished":"2024-01-10T16:43:36+00:00","dateModified":"2024-01-17T10:19:35+00:00","breadcrumb":{"@id":"https://proyate.art/case/me-chame-joana/#breadcrumb"},"inLanguage":"es","potentialAction":[{"@type":"ReadAction","target":["https://proyate.art/case/me-chame-joana/"]}]},{"@type":"BreadcrumbList","@id":"https://proyate.art/case/me-chame-joana/#breadcrumb","itemListElement":[{"@type":"ListItem","position":1,"name":"Case","item":"https://proyate.art/case/"},{"@type":"ListItem","position":2,"name":"Me chame Joana"}]},{"@type":"WebSite","@id":"https://proyate.art/#website","url":"https://proyate.art/","name":"PROYATÊ","description":"","publisher":{"@id":"https://proyate.art/#organization"},"potentialAction":[{"@type":"SearchAction","target":{"@type":"EntryPoint","urlTemplate":"https://proyate.art/?s={search_term_string}"},"query-input":"required name=search_term_string"}],"inLanguage":"es"},{"@type":"Organization","@id":"https://proyate.art/#organization","name":"PROYATÊ","url":"https://proyate.art/","logo":{"@type":"ImageObject","inLanguage":"es","@id":"https://proyate.art/#/schema/logo/image/","url":"https://proyate.art/wp-content/uploads/2023/10/home-logo-footer.png","contentUrl":"https://proyate.art/wp-content/uploads/2023/10/home-logo-footer.png","width":334,"height":140,"caption":"PROYATÊ"},"image":{"@id":"https://proyate.art/#/schema/logo/image/"}}]}</script>
<!-- / Yoast SEO plugin. -->

Me chame Joana - PROYATÊ

O projeto realizou a gravação, edição e difusão do monólogo “Me Chame Joana”, baseado na obra canônica “Gota d’Água”, de Chico Buarque de Holanda e Paulo Pontes.

PROYATÊ
